y 1181.
1138
What is the remainder when 9487 is divided by 3158?
13
What is the remainder when 273237 is divided by 140?
97
What is the remainder when 318075 is divided by 644?
583
Calculate the remainder when 1354921 is divided by 237.
229
What is the remainder when 28418323 is divided by 103?
5
Calculate the remainder when 76609 is divided by 90.
19
Calculate the remainder when 1869804 is divided by 52.
40
Calculate the remainder when 8983109 is divided by 69.
68
What is the remainder when 13111 is divided by 51?
4
What is the remainder when 270365 is divided by 26972?
645
What is the remainder when 17808656 is divided by 4?
0
Calculate the remainder when 3037196 is divided by 64621.
9
What is the remainder when 78743 is divided by 623?
245
What is the remainder when 157014 is divided by 8609?
2052
Calculate the remainder when 420732 is divided by 84118.
142
What is the remainder when 9622 is divided by 6140?
3482
What is the remainder when 146144 is divided by 7307?
4
Calculate the remainder when 730114 is divided by 17.
15
Calculate the remainder when 325599 is divided by 55.
54
Calculate the remainder when 3722858 is divided by 8739.
44
What is the remainder when 283241 is divided by 140614?
2013
Calculate the remainder when 4341097 is divided by 3501.
3358
Calculate the remainder when 132835557 is divided by 10.
7
What is the remainder when 333626 is divided by 18?
14
What is the remainder when 15058459 is divided by 79255?
9
Calculate the remainder when 370503 is divided by 370462.
41
What is the remainder when 1363382 is divided by 357?
356
Calculate the remainder when 100259 is divided by 49934.
391
Calculate the remainder when 337936904 is divided by 2514.
2510
Calculate the remainder when 1936682 is divided by 69167.
6
What is the remainder when 903648 is divided by 14?
4
Calculate the remainder when 30581107 is divided by 6116219.
12
What is the remainder when 167390 is divided by 5466?
3410
Calculate the remainder when 56523 is divided by 4676.
411
What is the remainder when 505103 is divided by 633?
602
Calculate the remainder when 591892 is divided by 42.
28
What is the remainder when 5512506 is divided by 9407?
4
Calculate the remainder when 3461645 is divided by 288468.
29
What is the remainder when 7821932 is divided by 27?
5
Calculate the remainder when 9965 is divided by 271.
209
Calculate the remainder when 828938 is divided by 1174.
94
Calculate the remainder when 15272 is divided by 2100.
572
What is the remainder when 16956 is divided by 2243?
1255
Calculate the remainder when 31061667 is divided by 796453.
0
Calculate the remainder when 2170273 is divided by 88.
17
What is the remainder when 113097838 is divided by 26?
22
Calculate the remainder when 785605 is divided by 102.
1
What is the remainder when 19374 is divided by 8450?
2474
Calculate the remainder when 1281389 is divided by 637221.
6947
Calculate the remainder when 21712085 is divided by 31.
26
Calculate the remainder when 5154558 is divided by 61.
58
What is the remainder when 75477 is divided by 2614?
2285
Calculate the remainder when 4309601 is divided by 123131.
16
Calculate the remainder when 1334170 is divided by 344.
138
What is the remainder when 26139 is divided by 26125?
14
What is the remainder when 195713 is divided by 97841?
31
Calculate the remainder when 22544531 is divided by 36.
35
Calculate the remainder when 16699065 is divided by 36.
33
What is the remainder when 2563757 is divided by 9059?
60
Calculate the remainder when 603232842 is divided by 15.
12
What is the remainder when 18328 is divided by 8677?
974
What is the remainder when 836702 is divided by 27866?
722
What is the remainder when 11570210 is divided by 193?
53
What is the remainder when 73496288 is divided by 780?
8
Calculate the remainder when 568402 is divided by 5684.
2
Calculate the remainder when 301469 is divided by 32.
29
Calculate the remainder when 241088253 is divided by 120544118.
17
What is the remainder when 684491 is divided by 52630?
301
Calculate the remainder when 914 is divided by 368.
178
What is the remainder when 25654 is divided by 796?
182
What is the remainder when 8021936 is divided by 63?
20
What is the remainder when 6697078 is divided by 401?
378
What is the remainder when 34938395 is divided by 2682?
2663
Calculate the remainder when 7799017 is divided by 139.
5
Calculate the remainder when 26120015 is divided by 225.
215
Calculate the remainder when 305186 is divided by 352.
2
What is the remainder when 142361 is divided by 70938?
485
What is the remainder when 2481157613 is divided by 476?
473
Calculate the remainder when 10145 is divided by 9285.
860
Calculate the remainder when 5723305 is divided by 2163.
7
Calculate the remainder when 690096 is divided by 172511.
52
Calculate the remainder when 968811 is divided by 295.
31
Calculate the remainder when 15232194 is divided by 37.
34
Calculate the remainder when 80714 is divided by 3788.
1166
What is the remainder when 2453945 is divided by 1226961?
23
What is the remainder when 3038609 is divided by 1298?
1289
What is the remainder when 553057 is divided by 1135?
312
What is the remainder when 3691376 is divided by 462?
458
What is the remainder when 380732 is divided by 15223?
157
Calculate the remainder when 57476 is divided by 1863.
1586
What is the remainder when 1781478 is divided by 723?
6
What is the remainder when 11761004 is divided by 562?
30
Calculate the remainder when 9611460 is divided by 196152.
12
What is the remainder when 86988570 is divided by 1323?
1320
What is the remainder when 24640 is divided by 6131?
116
What is the remainder when 592630 is divided by 721?
689
What is the remainder when 18398 is divided by 5622?
1532
What is the remainder when 99272705 is divided by 29?
21
Calculate the remainder when 2199856 is divided by 1099565.
726
What is the remainder when 305782 is divided by 1546?
1220
What is the remainder when 1469363 is divided by 14?
7
What is the remainder when 278514 is divided by 72?
18
Calculate the remainder when 50029 is divided by 16390.
859
What is the remainder when 36475729 is divided by 1519821?
25
Calculate the remainder when 16828893 is divided by 44.
37
Calculate the remainder when 588286531 is divided by 148.
147
What is the remainder when 3788074 is divided by 100?
74
What is the remainder when 1203074 is divided by 60153?
14
What is the remainder when 64321 is divided by 15923?
629
Calculate the remainder when 1706147 is divided by 1548.
251
Calculate the remainder when 20068929 is divided by 156.
153
What is the remainder when 23547 is divided by 23297?
250
Calculate the remainder when 188056 is divided by 128.
24
Calculate the remainder when 3701463 is divided by 1346.
1309
What is the remainder when 17979 is divided by 7138?
3703
What is the remainder when 176617 is divided by 88308?
1
What is the remainder when 104437 is divided by 2364?
421
Calculate the remainder when 86541 is divided by 39744.
7053
What is the remainder when 87408 is divided by 16640?
4208
What is the remainder when 147762 is divided by 8?
2
What is the remainder when 47016461 is divided by 32?
13
Calculate the remainder when 14962046 is divided by 82.
80
What is the remainder when 28876288 is divided by 555313?
12
What is the remainder when 679652 is divided by 1603?
1583
What is the remainder when 185858 is divided by 1048?
362
What is the remainder when 313038 is divided by 3124?
638
Calculate the remainder when 2627886 is divided by 386.
384
Calculate the remainder when 2137370 is divided by 1456.
1418
Calculate the remainder when 151425 is divided by 5001.
1395
Calculate the remainder when 10387427 is divided by 19562.
5
What is the remainder when 2876145 is divided by 132?
129
What is the remainder when 1447873 is divided by 6083?
119
Calculate the remainder when 510471 is divided by 23200.
71
What is the remainder when 51239 is divided by 121?
56
Calculate the remainder when 1056225 is divided by 810.
795
Calculate the remainder when 25851028 is divided by 39.
34
Calculate the remainder when 386945 is divided by 3023.
1
Calculate the remainder when 14854071 is divided by 64864.
215
What is the remainder when 1773824 is divided by 73881?
680
Calculate the r